 Let u(n) = n**2 + 2*n. Let d(s) = -2*f(s) + 3*u(s). Suppose 4*k - 1462 = -5*x, -k + 355 = 4*x - 8*x. Let r = 363 - k. Calculate d(r).
0
Suppose -4*q + 11 = -9. Suppose 3*o = 2*o + q. Let u(h) = -8*h - 5. Let a(g) = -35*g - 19. Let v(w) = -2*a(w) + 9*u(w). Determine v(o).
-17
Let y(u) = -8*u - 48. Suppose 2*q = 10*p - 101 + 145, -5*q - 64 = 4*p. Calculate y(q).
16
Let q be 29*(-1)/120 + (-194)/(-776). Let p(o) be the third derivative of -1/12*o**4 + 0 - 10*o**2 - 2/3*o**3 + 0*o + q*o**6 - 1/15*o**5. Give p(4).
-12
Suppose 8 = 4*m - 2*g, 3*m - 4*g - 7 = -1. Let q(y) = -2*y**2 - 7*y + 42. Let a(v) = -5*v**2 - 24*v + 146. Let r(u) = -2*a(u) + 7*q(u). Determine r(m).
-16
Let f be 11 - -1*(-14 + 3). Let t(q) = -4*q - 2. What is t(f)?
-2
Let u(s) = s**3 + 19*s**2 - 2*s - 24. Let p(k) = -k**3 + 19*k**2 + 65*k + 3. Let c be p(22). What is u(c)?
14
Let h(q) = -4*q - 2*q**2 - 45*q**3 + 12*q**3 + 28*q**3 - 2. What is h(-2)?
38
Let q(p) be the third derivative of 0*p - 12*p**2 + 1/8*p**4 + 0 - 1/2*p**3. Suppose 6*u - 12 = 2*u. Give q(u).
6
Let r(b) = 5*b**2 - 226*b + 36. Let o be r(45). Let k(m) = m**3 + 7*m**2 - 19*m - 22. Calculate k(o).
-13
Suppose 11*k - 6 = 8*k. Let z(o) = -1136*o - 1135*o + 1 + 2273*o. Give z(k).
5
Let m(c) = -2*c**2 + 47*c + 37. Suppose -51*y = 2*k - 52*y - 44, -4*y = 4*k - 112. Give m(k).
13
Let n(i) = -i**3 - 6*i**2 + i - 7. Let c = -7529 - -7524. Determine n(c).
-37
Let a(g) = -309*g**2 - 13 + 2*g + 3*g - 5*g + 307*g**2 - 2*g. Give a(-3).
-25
Let y(i) = -2*i**3 + i**3 + 16*i**2 - 60*i - 40 - 59*i + 187*i - 62*i. What is y(16)?
56
Let i(a) be the first derivative of -2*a**3/3 - 6*a**2 + 5*a - 53. Let z be ((-2)/(-2) + 8)*180/(-270). What is i(z)?
5
Suppose -t - 3*k = -26, -3*t + 18 = 15*k - 18*k. Let q(i) = i**3 - 10*i**2 - 12*i - 6. Calculate q(t).
-17
Let q(u) = -7*u**2 + 2*u + 9. Let j(h) = -9*h**2 + 2*h + 11. Let l(o) = -3*j(o) + 4*q(o). Let p be 1 - -4 - 8/4. What is l(p)?
0
Suppose -7*q + 6 = -8. Let t(r) = -8*r + q*r**2 + 38 - r**2 - 28 - 3*r. Give t(10).
0
Let i(w) be the first derivative of 5/2*w**2 - 4/3*w**3 - 1/4*w**4 - 8*w + 184. What is i(-6)?
34
Let a be (-87)/(-15) + (-3)/(-15). Let o(g) = g - 4. Let j be o(6). Let f(k) = 6 + 9*k**j + 2 + 1 + k - k**3 - 14 - 3*k**2. Give f(a).
1
Suppose 44 = -12*l + 14*l. Let p = l - 27. Let i(o) = -o**2 - 7*o + 2. Calculate i(p).
12
Suppose 26*i = 33*i - 3395. Let r(o) = i*o**2 - 5 - 478*o**2 + o**3 - 10*o + 1. What is r(-8)?
12
Let x(y) = -37*y**3 + 50*y**2 + 52*y - 63. Let h(i) = -22*i**3 + 26*i**2 + 27*i - 32. Let b(a) = -5*h(a) + 3*x(a). What is b(21)?
-29
Let b(g) be the first derivative of -g**3/3 - 37*g**2/2 - 257*g - 22. Let d be b(-28). Let s(a) = -a**2 - 4*a - 6. Calculate s(d).
-11
Let g(z) = -16*z - 21. Let t(u) = 110*u + 121. Let o(x) = -15*g(x) - 2*t(x). What is o(-4)?
-7
Let c be 18/(-8) + 5/20. Suppose -16 = 2*g - 5*j, 0 = -2*g - 2*j + 3*j. Let t = c - g. Let n(i) = -i**3 - 4*i**2 + i - 2. What is n(t)?
-6
Suppose 0 - 9 = 3*c. Let x(p) be the second derivative of 1/4*p**4 + 7*p + 15 + 5/6*p**3 + 3/2*p**2. Calculate x(c).
15
Let h(q) be the second derivative of -q**3/6 + 25*q**2/2 + q + 1467. Determine h(10).
15
Let i = -2684 - -2686. Let c(v) = -8*v - 29. What is c(i)?
-45
Suppose 3*q + 5*v - 20 = 0, 5*v + 12 = 8*v. Let s(b) = b**3 - 11*b**2 + b - 1. Calculate s(q).
-1
Let y(p) be the first derivative of -4*p**3/3 - p**2 - p + 15. Suppose -7*h = -23*h - 16. What is y(h)?
-3
Let b(k) = -k**2 + 11*k - 2. Suppose -18*s = -4360 - 1094. Let i = s - 293. What is b(i)?
8
Let x(y) = y**3 + y**2 - 8*y. Let m be ((-615)/132 - (-6)/8) + 3/(-33). Determine x(m).
-16
Let j(d) be the third derivative of -d**5/60 + 3*d**4/2 - 281*d**3/6 - d**2 + 594*d - 2. What is j(25)?
-6
Let f(j) = j**2 + 5*j + 5. Let r(n) = 2*n + 2. Let s = 72 + -37. Let p = s + -39. Let l be r(p). Give f(l).
11
Suppose 0 = -311*v + 52*v + 3108. Let i(s) be the first derivative of -s**2 + 18*s - 3. Calculate i(v).
-6
Let c(n) be the first derivative of -n**2 + 17*n - 974. Give c(5).
7
Let k be 5*19*(8/(-10) - -1). Suppose t - 17*v = -12*v - 20, 2*t - 3*v + k = 0. Let s(z) = z**3 + 5*z**2 + 2*z + 6. Calculate s(t).
-4
Suppose -y - 3*z = -18, 3*z = -5*y + 470 - 440. Let v(x) = 2*x**3 - 7*x**2 + x - 4. Determine v(y).
-10
Let p(k) = 6*k + 3*k + 20*k**2 - 4 + 14 - 19*k**2. Let t(b) = -18*b - 278. Let x be t(-15). Determine p(x).
2
Let j(n) be the second derivative of n**4/12 - 25*n**3/6 + 35*n**2/2 - 8*n + 203. What is j(23)?
-11
Let u(v) be the third derivative of -v**5/60 + v**4/4 + 2*v**3/3 + 116*v**2 + v. Let w be 2/6 + 282/18. Let k = 22 - w. Calculate u(k).
4
Suppose 0 = -2*x - 0*a + 3*a - 7, 3*a = 5*x + 4. Let l be (-6 - 360/(-50))*(-15)/(-2). Let t(y) = l*y - 2*y - 1 - 3*y - 12*y. What is t(x)?
-9
Let d(t) = 9*t**2 - 3*t - 3. Let z(y) = 4*y**2 - y - 1. Let p(v) = 6*d(v) - 14*z(v). Let n = 585 + -588. What is p(n)?
-10
Let s(h) = -h**2 + 7*h + 5. Let j be (-8*(-11)/(-44))/((-1)/4). Calculate s(j).
-3
Let m(t) = -2*t**2 - 10*t**3 + 0*t - 3*t**2 + 24*t**3 - 15*t**3 + 6*t - 2. Let b be 1 - 2/1 - 5. Give m(b).
-2
Let n(i) = -2*i**2 - 10*i + 219. Let k be n(0). Suppose 274 = -5*x + k. Let s(y) = -2*y - 8. What is s(x)?
14
Let g(c) be the second derivative of -c**4/4 - 12*c**3 - 66*c**2 - 248*c. Let h be g(-22). Let l(s) = s**3 + 37. Determine l(h).
37
Let k be 119/(-1071)*(-6)/4*2. Let m(l) be the first derivative of -1/2*l**2 + l + 1 - k*l**3. Give m(-3).
-5
Let k be (9/(-15))/(-10*3/(-150)). Let x(m) = 9*m**3 - 6*m**2 + 6*m - 6. Let f(q) = 8*q**3 - 5*q**2 + 5*q - 5. Let o(u) = -7*f(u) + 6*x(u). Give o(k).
41
Let i be ((-144)/(-5))/(-3)*(-20)/6. Let y be 0*(-2)/3*(-24)/i. Let w(r) = 0*r**2 - 3*r**2 + 2*r**2 + 4. Calculate w(y).
4
Let u(n) = 2*n - 15. Let r be 296/21 - (-12)/1512*-12. What is u(r)?
13
Suppose -v - 4*v = 2*x - 8, 2*v + 2*x - 8 = 0. Let k be 10 - 12 - (1 + v). Let c(j) = -2*j - 3. Determine c(k).
3
Let x(d) = d**2 + 70*d - 186. Let a be x(-73). Let g(t) = t**2 - 31*t - 55. Give g(a).
11
Suppose 0 = -13*d + 9*d - 16. Let c be (-133)/19 - (d + -1). Let x(u) = u**2 - 2. Give x(c).
2
Let f be 12/((-55)/(440/(-24))). Let n(x) be the first derivative of x**3/3 - x**2 - x + 1. Give n(f).
7
Let w(o) = o**3 - o**2 - 5*o + 1. Let g be w(2). Let l(y) be the third derivative of -1/6*y**3 + 7*y**2 + 0 + 0*y - 1/24*y**4. Give l(g).
4
Let x(g) be the first derivative of 3*g**2 + 1/3*g**3 + 10 + 7*g. Calculate x(-7).
14
Let p = 305 + -380. Let j be p/45*3*-1. Let m(b) = b - 3. Determine m(j).
2
Let w(j) = -j**2 - 4*j + 14. Let m be w(-6). Let x(t) = -4*t + t - 5*t**m + 20*t**3 - 3 - 19*t**3. Suppose 0 = 10*d - 2*d - 48. Give x(d).
15
Suppose -15*i + 438 - 93 = 0. Let t(s) = -27*s + 0 + i*s - 10. Give t(-8).
22
Suppose -13*w = 2*w. Suppose -8*n = -13*n + g + 40, w = n - g - 8. Let r(k) be the first derivative of -k**4/4 + 7*k**3/3 + 9*k**2/2 + 11. What is r(n)?
8
Let n be 1368/(-608) + (13/4 - 2). Let l(a) = -17*a**3 + 9*a + 8. Determine l(n).
16
Let a(r) = 194*r + 6 - 102*r - 95*r. Let c(x) = x**3 + 3*x**2 - 6*x - 6. Let g be c(-4). Suppose -3*o - 3*b = -b - 2, 0 = g*o - b - 13. Calculate a(o).
-6
Let w = -23 + 185. Let p be (-4 - w/24) + 9/12. Let d(y) = y + 4. Give d(p).
-6
Let i(v) = 3*v**2 + 2*v. Let m be i(5). Let u = m + -76. Suppose -u*n = -10*n. Let g(b) = -b + 20. Calculate g(n).
20
Let o(x) = -x + 75. Let q(r) = -9*r + 823. Let c(w) = -44*o(w) + 4*q(w). Give c(1).
0
Let j(x) = x - 7. Let y(s) = -s**3 + 13*s**2 - 15*s - 9. Let n be y(12). Let d = -39 - n. Suppose 2*t - 8 = d. Calculate j(t).
0
Let g(i) be the first derivative of i**4/2 - 4*i**3/3 - i**2 - 2*i - 1205. Determine g(4).
54
Let f(x) = 3*x**2 - x + 3. Let c(z) = 1. Let r(l) = 3*c(l) - f(l). Let h(w) = 0*w**2 - 9*w - 26 - 3*w - w**2 - 2. Let g be h(-9). Calculate r(g).
-4
Let h(c) = -6*c**3 + 37*c**2 - 2*c - 7. Let l be h(6). Let s(t) = t**3 - 17*t**2 - 2*t + 34. Determine s(l).
0
Let l(s) = 13*s**2 - 12*s - 12. Let c(h) = -8 + 3*h**2 + 5 + 4*h - 7*h. Let o(v) = 9*c(v) - 2*l(v). What is o(5)?
7
Let w(h) = h**3 + 10*h**2 - h - 12. Suppose -4*g - 3*g + 105 = 0. Suppose 70 = 16*b - g*b. Let q = 60 - b. Determine w(q).
-2
Let n(w) = w**3 + 7*w**2 - 6*w + 9. Let p(g) be the first derivative of g**4/4 - 5*g**3 + 5*g**2 + 48*g - 7. Let j be p(1